+ b**2 + 11*b + 28. Suppose 0 = 29*k - 21*k + 24. Is l(k) a composite number?
False
Is 1905/762*1*91502 a prime number?
False
Let k = -3596 + 3578. Let p(i) = -i**3 - 15*i**2 + 13*i - 13. Let z(f) = 2*f**3 + 30*f**2 - 25*f + 26. Let w(n) = -7*p(n) - 4*z(n). Is w(k) a prime number?
True
Let n(m) = 4*m + 100. Let q be n(-24). Suppose -q*d + 5253 + 2503 = 0. Is d a prime number?
False
Let r(a) = a**3 + 9*a**2 + 6*a + 3. Let h(l) = -l**3 - 10*l**2 - 8*l - 3. Let v(n) = 3*h(n) + 4*r(n). Is v(8) a prime number?
False
Suppose -c - 2 = 3*c - 2*j, 2*c + 3*j + 13 = 0. Let q be (0/(-3 + -1 - c))/(-2). Suppose 3*m = -4*h + 7*h - 2079, -4*h + 3*m + 2768 = q. Is h prime?
False
Let n(d) = 79*d - 6669. Is n(116) a prime number?
False
Suppose -4*x - 25*z + 20*z + 909138 = 0, x + 4*z - 227279 = 0. Is x prime?
False
Let v(f) = 38*f**3 - 3*f**2 + f + 1. Let w be v(2). Suppose 3936 = -n + w. Let r = -936 - n. Is r prime?
False
Suppose -h + 3*j = -153093, j - 246 = -246. Is h prime?
False
Suppose -4*l - 8044 = -27360. Is l a composite number?
True
Let m be (((-120)/(-28))/6)/(2/14). Suppose 0*x = u - m*x - 176, 5*u + 5*x = 970. Is u composite?
False
Let z be -5 + 2 + -2 + (-3 - -16). Let d(j) = j**3 - 8*j**2. Let r be d(z). Suppose 3*k = r, -3*b - 2*k = -3657 - 102. Is b a prime number?
False
Suppose 5*v - 5*n = 1629270, -26*v + 25*v + 3*n + 325864 = 0. Is v prime?
True
Let b(u) = 16 - 2 - 4*u - 3. Let c be b(3). Let o(r) = 539*r**2 + r - 1. Is o(c) a prime number?
False
Suppose -3*v = -52572 - 46575. Is v prime?
True
Is 193166/7 - (-15 + 636/42) a prime number?
False
Let z = 76 - 71. Let u(w) = 87*w - 7. Let i be u(4). Suppose -d = z*m - 87 + 35, -5*d + 2*m = -i. Is d composite?
False
Suppose -6*s + 113 = -187. Suppose 0*x - 10*x - s = 0. Let a(i) = 46*i**2 + 3*i + 4. Is a(x) a prime number?
False
Suppose 10*k + 6989741 = 40261191. Is k a composite number?
True
Let s(w) = -w**3 - 5*w - 21. Let o be s(0). Is o/14*478/(-3) a prime number?
True
Let f(a) = 311*a**2 + 16*a + 23. Let n(t) = 104*t**2 + 5*t + 8. Let w(h) = 4*f(h) - 11*n(h). Is w(-3) a prime number?
True
Let f(z) = 51*z**2 + 9*z + 196. Let h be f(22). Let c = h - 12297. Is c a composite number?
False
Suppose -a + 152 = -2*j + 2553, -5*a + 2*j - 12037 = 0. Let c = a - -3808. Is c a prime number?
True
Let i = 132 - 93. Is (-13)/(i/(-1844)) - (-4)/(-6) prime?
False
Let m be 311018/18 - 66/(-297). Let n = m + -12013. Is n a composite number?
True
Suppose 68*f = -227*f + 18248995. Is f a composite number?
False
Let b = 415240 + -137757. Is b a composite number?
False
Let v(w) = -13*w**3 + 73*w**2 + 139*w - 132. Let z(m) = -3*m**3 + 18*m**2 + 35*m - 33. Let f(p) = -2*v(p) + 9*z(p). Is f(17) a prime number?
True
Let s(g) = 51*g**2 + g + 5. Let j = -8 + 2. Let w be s(j). Suppose 12014 = 11*o - w. Is o a prime number?
True
Suppose -21 = 3*v - 3*y, -2*y = 3*v - 0*y + 41. Let a(o) = o**3 + 21*o**2 + 7*o + 34. Let b be a(v). Let s = b + -766. Is s composite?
False
Let o = 19 + 28. Suppose 52*a = o*a - 20. Is 1*(3 + a) - (-710)/1 composite?
False
Let r = -351 + 355. Let h(c) = -c**2 - 13*c - 12. Let o be h(-12). Suppose -a - r*i + 1573 = o, 7811 = 5*a + 5*i - 3*i. Is a a composite number?
True
Let x = 153 - 147. Suppose -x*h + m = -m - 13908, 0 = 4*m + 12. Is h composite?
True
Let r(t) = -2*t - 24. Let o(q) = 1. Let a(s) = -o(s) + r(s). Let c be a(-15). Suppose -c*w + 4*l = -2057, -466 = -2*w - 3*l + 366. Is w a prime number?
False
Let t = 142819 + -94982. Is t a prime number?
True
Suppose -2*q - 2*g = -7*g + 471, q + 233 = 2*g. Let v = q + 438. Suppose -4*s + v = -349. Is s composite?
True
Let h = -80321 - -346870. Is h composite?
False
Let y(w) be the first derivative of 3*w**2/2 + 15. Let x be y(1). Suppose -4*l - x*r + 2*r + 651 = 0, -3*l - 3*r + 486 = 0. Is l a composite number?
False
Let k be (12/(-27))/(10/(-2895)) - 46/(-138). Let u(y) = -4*y**2 + 9*y + 8. Let c be u(7). Let s = c + k. Is s composite?
True
Suppose 4*r + 100*r - 1932632 = 0. Is r composite?
False
Let d = 151 - 217. Let o = 2103 + -1744. Let r = o + d. Is r a prime number?
True
Let v(o) = -o**2 + 30*o + 7. Let u be 141 + 7 - (5 - 1). Let q be (u/42)/((-3)/(-21)*2). Is v(q) a composite number?
False
Suppose 3*j - 5*s = 7481, 3*j - 2595 - 4874 = 2*s. Let i = -1413 + j. Suppose 2*h - 7*h = -4*o + 2088, 0 = 2*o + 5*h - i. Is o a prime number?
False
Suppose -3*y = 3*p - 6588837, -4*y + 7203593 + 1581547 = p. Is y prime?
True
Let p be ((-8)/6)/(-4*(-9)/(-108)). Suppose 2*g = -p*m + 19184, -4818 = -m - 2*g + 7*g. Is m prime?
False
Let q = -51301 - -104010. Is q a prime number?
True
Let a = -10713 + 141728. Is a prime?
False
Let l(t) = t**3 + 17*t**2 - 2. Let w be l(-7). Let o = 1183 - w. Let a = -273 + o. Is a a prime number?
False
Let g(h) = 40*h**2 - 96*h + 2023. Is g(37) a prime number?
True
Let k(r) = 53 + 18 - 31 + 38*r**2 - 5*r. Is k(11) a composite number?
False
Is (-16257275)/(-36) + 4/(-18) + 9/36 a prime number?
False
Let u(z) = -1572*z + 211*z + 5 - 475*z - 86*z. Is u(-1) a composite number?
True
Suppose b = -16*b - 4879. Let q = b - -966. Is q a composite number?
True
Suppose 4*k + 8 = k + q, -3*k + 2*q = 4. Is k*1141/(-28) - 4 composite?
True
Let x = 145937 - 17176. Is x a composite number?
False
Let v be (2 - 6 - -2) + 1 + -10. Let d(i) = -i**3 - 10*i**2 - 25*i + 7. Let g be d(v). Suppose -h - 2802 = -j + g, 3201 = j + h. Is j a composite number?
False
Suppose 421*u - 415*u - 680142 = 0. Is u a composite number?
False
Suppose 5*x = -136 + 1. Let q = x - -30. Suppose 0 = -3*s + f + 115, q*f - 72 = -4*s + 64. Is s a prime number?
True
Is 1 - 0 - 6 - (-65533 - (23 + -44)) prime?
False
Suppose -24*o = -2*h - 23*o + 825220, -4*h + 4*o + 1650436 = 0. Is h composite?
True
Suppose 60*u - 92*u - 75*u + 101008321 = 0. Is u a composite number?
False
Let h(k) = -1551*k**3 + 1025*k**3 - 2*k - 1683*k**3 + 3 - 5*k**2. Let v(f) = -4417*f**3 - 9*f**2 - 4*f + 5. Let z(d) = -11*h(d) + 6*v(d). Is z(-1) prime?
True
Suppose -20*x + 112185 - 22765 = 0. Is x prime?
False
Suppose -10*t - 78073 = -230343. Is t a prime number?
True
Let l(p) = -888*p**3 + p**2 - p - 1. Let m(b) = -b - 6. Let o(u) = u**2 - 4*u - 10. Let t be o(5). Let x be m(t). Is l(x) composite?
True
Suppose 2*t + 34 = 5*a + 4*t, -2*t - 6 = 0. Let g(l) = 37*l + 3 + 73*l - 22*l. Is g(a) composite?
True
Let c = 113525 + -35124. Is c composite?
False
Suppose -3*i + 3 = -0*i, -4*j - 4*i = 32. Let p be 1*-6*131/j*3. Suppose b - 3*c - p = 42, -3*c = 5*b - 1538. Is b prime?
True
Let l(d) = -96*d**3 + 1. Suppose 0 = -y - 1 + 4. Let m be 3/(-6) - y/6. Is l(m) a composite number?
False
Let h(x) = -194*x**3 - 3*x - 3. Let v be h(-3). Let q = -3133 + v. Is q prime?
True
Let y = -334 - -375. Suppose -32*t - 501669 = -y*t. Is t prime?
False
Let n(s) = -s**2 - 27*s + 16. Let f be n(-28). Is (-4*(-1094)/f)/(2/(-6)) composite?
True
Suppose 0 = 25*v - 29*v + 3564. Let p = -550 + v. Is p a prime number?
False
Let l = -2 + 5. Suppose -5*j + 2477 = -4*o, o - 490 = -l*j + 2*j. Is j composite?
True
Suppose 4*m + 20 = 4*b, -3*m - 12 = -2*b - 2. Suppose 4*y = -m*y + 35628. Is y a prime number?
False
Let j(o) = -o**3 - 32*o**2 + 35*o + 70. Let g be j(-33). Let r(d) = d**2 + 0 + d**3 - d**2 + d**2 + d + 2. Is r(g) prime?
False
Let i(p) = p**3 + 30*p**2 + 29*p - 9. Let v be i(-29). Let z(f) = -4*f**3 + 10*f**2 - 30*f - 7. Is z(v) prime?
True
Suppose -3*q - 4*j + 337057 = -3243566, 2*q + 2*j = 2387080. Is q composite?
False
Let m = 4 + 33. Let a = m - 34. Suppose -a*p - 19 = -1024. Is p a composite number?
True
Let r = -54490 + 113127. Is r prime?
False
Suppose 10*t - 7 = 9*t. Let i(j) = 252*j - 41. Is i(t) composite?
False
Let z = 64887 - -7382. Is z prime?
True
Let f = 60 + -538. Let g = f - -772. Suppose t - 144 = 4*l - 1305, -l + t + g = 0. Is l a prime number?
False
Let y = -1140037 - -1625304. Is y composite?
True
Let i = -3687 - -8077. Let x be ((-3)/(6/4))/(-1). Suppose x*c - i = -4*y, y - 2*c - 4402 = -3*y. Is y prime?
False
Is (-8 - 92/(-12))/((-2)/272166) prime?
True
Suppose -4*i = -i - 23490. Let w be (-4 - (-138)/33) + i/11. Let u = 1359 - w. Is u a composite number?
False
Let w = -211 - -211. Suppose -1416 = -2*k - w*k - y, k - 4*y = 717. Is k a prime number?
True
Let d(s) = 670*s**2 + 3*s + 133. Is d(20) pri